149973 composite?
True
Is 245171 a composite number?
False
Is 6110179 a prime number?
True
Is 102548647 composite?
True
Is 11427131 a composite number?
True
Is 4823257 composite?
True
Is 183142187 composite?
True
Is 116759273 a composite number?
False
Is 1693543459 a composite number?
False
Is 636923 a prime number?
False
Is 5451473 composite?
False
Is 43457699 a prime number?
False
Is 620230895 a prime number?
False
Is 710093 a composite number?
True
Is 568786819 a prime number?
True
Is 5278223 a prime number?
True
Is 8050241 prime?
True
Is 798869 a composite number?
True
Is 13996993 composite?
False
Is 308125613 a composite number?
False
Is 447595727 a composite number?
True
Is 14863091 composite?
True
Is 9384626 composite?
True
Is 4106677 a composite number?
False
Is 10346173 a prime number?
False
Is 77476913 a composite number?
False
Is 32237627 prime?
False
Is 4050701 prime?
True
Is 11436209 composite?
False
Is 498235469 a prime number?
True
Is 40542041 prime?
True
Is 1289111 composite?
False
Is 11297329 a composite number?
True
Is 8532109 composite?
True
Is 111196451 a composite number?
False
Is 105551206 prime?
False
Is 394151 a prime number?
False
Is 84549251 a prime number?
False
Is 134929337 composite?
True
Is 579724289 composite?
False
Is 4666777 a prime number?
True
Is 139379171 a prime number?
True
Is 54158957 a composite number?
True
Is 8348222 a prime number?
False
Is 6450467 composite?
False
Is 18585309 composite?
True
Is 1153801 a prime number?
False
Is 305533177 a composite number?
False
Is 263843843 a prime number?
True
Is 12279779 a composite number?
False
Is 471742147 prime?
True
Is 27697603 a composite number?
False
Is 281339 a composite number?
False
Is 12044287 a composite number?
True
Is 13933483 prime?
True
Is 21639647 a prime number?
True
Is 1359803 a composite number?
False
Is 11655469 prime?
False
Is 286177 a prime number?
False
Is 43115239 composite?
True
Is 50465339 a composite number?
True
Is 4124114 prime?
False
Is 2207297 a composite number?
True
Is 55936151 prime?
True
Is 91206491 composite?
False
Is 30958097 prime?
True
Is 27727837 a prime number?
False
Is 2537453 prime?
False
Is 27198265 a prime number?
False
Is 16909 a prime number?
False
Is 48832753 composite?
False
Is 248108277 a prime number?
False
Is 73891033 a prime number?
True
Is 13751671 prime?
False
Is 1041265 a prime number?
False
Is 974707 a composite number?
False
Is 1729979 a composite number?
True
Is 75186341 prime?
True
Is 307120789 composite?
False
Is 1215329 prime?
True
Is 2819069 composite?
True
Is 4458007 prime?
False
Is 3538735 prime?
False
Is 364633079 prime?
False
Is 81941771 a prime number?
True
Is 191982041 a composite number?
False
Is 11270401 composite?
True
Is 4080994 composite?
True
Is 44908991 prime?
False
Is 66328393 a prime number?
False
Is 42852409 a composite number?
False
Is 2534871 composite?
True
Is 114572201 a composite number?
False
Is 5978737 composite?
False
Is 9746687 prime?
False
Is 3776631 a prime number?
False
Is 4145419 prime?
True
Is 8975753 prime?
True
Is 274723 a prime number?
True
Is 1006283 composite?
True
Is 1043249 composite?
True
Is 3185243 composite?
False
Is 5255407 a prime number?
True
Is 25951847 prime?
False
Is 41050183 composite?
False
Is 6158923 a composite number?
False
Is 151201 a composite number?
False
Is 240012623 prime?
False
Is 30998483 a composite number?
False
Is 549959 a prime number?
False
Is 118955717 a composite number?
False
Is 540343 prime?
True
Is 1014098 composite?
True
Is 25172486 prime?
False
Is 75795466 a composite number?
True
Is 6219049 a prime number?
True
Is 3277763 a composite number?
False
Is 1860107 a composite number?
True
Is 828254077 prime?
False
Is 2401889 a prime number?
False
Is 290401 a composite number?
True
Is 3212203 a prime number?
False
Is 3412811 composite?
True
Is 3681259 a composite number?
True
Is 7363403 composite?
False
Is 13594219 composite?
True
Is 35194697 composite?
False
Is 41586781 a prime number?
False
Is 6031837 a prime number?
False
Is 6997343 a composite number?
False
Is 308047921 a prime number?
False
Is 2133506 a prime number?
False
Is 3951719 composite?
False
Is 132897551 a prime number?
False
Is 14788211 a composite number?
False
Is 165697829 prime?
False
Is 1407443 a prime number?
False
Is 116005489 prime?
True
Is 63809861 prime?
True
Is 105725173 prime?
False
Is 293844829 a prime number?
True
Is 372321019 a composite number?
True
Is 14493 composite?
True
Is 11859817 composite?
False
Is 334903 prime?
False
Is 45459221 a composite number?
False
Is 421077689 a prime number?
True
Is 3173069 a composite number?
False
Is 771319 composite?
True
Is 701928023 prime?
True
Is 27902293 composite?
False
Is 41008234 prime?
False
Is 188038213 a composite number?
True
Is 23716673 a prime number?
True
Is 151408963 composite?
False
Is 103728607 prime?
True
Is 842953 a prime number?
False
Is 1100543 a prime number?
True
Is 6257089 prime?
True
Is 584083 a composite number?
True
Is 52015211 composite?
False
Is 2533651 prime?
True
Is 37406659 composite?
False
Is 1077431633 prime?
True
Is 2279311 prime?
False
Is 68036039 composite?
True
Is 25980359 a prime number?
True
Is 4720477 prime?
True
Is 6276607 a prime number?
True
Is 56044591 a prime number?
True
Is 6401983 a prime number?
False
Is 170699129 a prime number?
True
Is 28402097 prime?
True
Is 29809453 composite?
False
Is 2154797 prime?
False
Is 135214007 composite?
True
Is 2392657 a prime number?
False
Is 54949795 composite?
True
Is 9353667 composite?
True
Is 9661637 a prime number?
True
Is 1985407 a composite number?
False
Is 234673 a prime number?
True
Is 6279619 a prime number?
True
Is 1456309 a composite number?
True
Is 31550149 composite?
False
Is 2990423 a prime number?
True
Is 151603013 a composite number?
False
Is 1764713 composite?
True
Is 498643 a composite number?
False
Is 433991582 composite?
True
Is 13482901 a prime number?
False
Is 72265313 composite?
True
Is 34868929 prime?
True
Is 33940867 prime?
True
Is 97499 a prime number?
True
Is 1652237 composite?
False
Is 177141157 prime?
True
Is 594343 composite?
True
Is 3987689 a prime number?
False
Is 27505091 composite?
True
Is 38446379 a prime number?
True
Is 6592129 a composite number?
True
Is 525209 prime?
True
Is 57569737 a composite number?
False
Is 528469 a composite number?
False
Is 5286293 prime?
True
Is 35437301 prime?
False
Is 2179097 composite?
False
Is 20227817 prime?
True
Is 66527927 a composite number?
False
Is 533111 prime?
True
Is 5652649 prime?
True
Is 97461077 a prime number?
False
Is 639740531 composite?
False
Is 4812697 a composite number?
True
Is 2244779 composite?
False
Is 16812469 a composite number?
False
Is 59075035 composite?
True
Is 7635413 a composite number?
True
Is 286326151 a prime number?
True
Is 65552037 a prime number?
False
Is 51431 a composite number?
False
Is 33858205 composite?
True
Is 221047 a prime number?
True
Is 5525413 composite?
True
Is 543748379 composite?
False
Is 37691795 a composite number?
True
Is 31266943 composite?
False
Is 188427961 a composite number?
False
Is 12498947 a composite number?
True
Is 55844407 a prime number?
True
Is 25572451 prime?
True
Is 28101509 a prime number?
True
Is 7212599 prime?
True
Is 275651 prime?
True
Is 5206517 composite?
True
Is 4904197 prime?
True
Is 31704679 a prime number?
True
Is 23858771 a composite number?
False
Is 25985143 a prime number?
False
Is 32797031 a prime number?
False
Is 121803503 composite?
True
Is 21142259 prime?
True
Is 306076919 prime?
False
Is 323831 prime?
False
Is 1620943 composite?
True
Is 20441611 prime?
True
Is 872533 prime?
True
Is 1938301 a prime number?
True
Is 2433799 a composite number?
True
Is 4814503 a composite number?
False
Is 305999 a composite number?
False
Is 3901511 a composite number?
False
Is 228274489 composite?
False
Is 14319829 prime?
True
Is 47876291 prime?
False
Is 4167257 a prime number?
True
Is 321443 prime?
True
Is 1779283 a prime number?
False
Is 81390241 prime?
False
Is 25209397 prime?
False
Is 63991559 a composite number?
False
Is 1467517 prime?
False
Is 1821749 a composite number?
False
Is 157911653 a composite number?
True
Is 44669017 composite?
True
Is 2859019 a composite number?
False
Is 363156491 prime?
Tr